-2?
11
What is the remainder when (-1 - 9)/(2/(-6)) is divided by (-43)/(-4) - (-1)/4?
8
Let a(t) = t**2 + 3*t + 3. Let u be a(-3). Suppose -4*c + 161 = -w, 4*c - 9*w + 4*w - 165 = 0. Calculate the remainder when c is divided by u/(3/(-28)*-2).
12
Let n(h) = h**3 + h - 2. Let l be n(3). Suppose 3*s = 8 + l. What is the remainder when 22 is divided by s?
10
Let c(b) = b + 18. Let u(k) = k + 1. What is the remainder when c(-4) is divided by u(7)?
6
Let m(v) = -4*v**3 + 4*v. Let u be m(3). Let c be (u/(-30))/((-2)/(-30)). Calculate the remainder when 5 is divided by 4/(-14) - c/(-21).
1
Suppose 15*m = 11*m + 116. Let a = 56 - 79. Let q = -13 - a. What is the remainder when m is divided by q?
9
Let m(l) = -4*l**2 - 4*l - 5. Let c(v) = v**2 + v + 1. Let a(x) = -2*c(x) - m(x). Calculate the remainder when 19 is divided by a(-2).
5
Let o(s) = 7*s**2 + s + 1. Let c be o(-2). Let r = c - 2. What is the remainder when 48 is divided by r?
23
Suppose p = -2*n + 3*n - 79, 2*p + 395 = 5*n. Let w be (-22)/((3/3)/(-2)). Let j = -17 + w. Calculate the remainder when n is divided by j.
25
Let q = -26 + 172. Let k = -63 + q. Calculate the remainder when k is divided by 21.
20
Let o(k) = k. Suppose 0 = -3*u - 275 + 95. Let i = 85 + u. Calculate the remainder when i is divided by o(9).
7
What is the remainder when 66 is divided by (-9)/6 - 2/((-20)/155)?
10
Let k = 21 + 15. Let o be k + -4 + 1 + 1. Let r = o - 14. What is the remainder when r is divided by 11?
9
Let w be (12/7)/((-3)/(-42)). Let x = w + -10. Suppose -h - h + 108 = 4*z, -3*z - h = -80. What is the remainder when z is divided by x?
12
Suppose 3*o = -98 - 427. Calculate the remainder when 28 is divided by 8/10*o/(-14).
8
Let o(i) = -3*i**2 + 4*i - 11. Let w be o(5). Let b = w + 129. What is the remainder when b is divided by 16?
15
Let x be 7/(-42) + 86/12. Suppose 8*a = x*a + 15. What is the remainder when a is divided by 6?
3
Let r = -10 - -40. Let v be 75/9 + 1/(-3). What is the remainder when r is divided by 2/v - 63/(-4)?
14
Let q be (2 + 23)/((-3)/(-9)). Suppose -3*y + 0*y + q = 2*i, 5*i = 0. What is the remainder when 98 is divided by y?
23
Let a be -6*(-1)/2 - -2. Suppose a*x - x - 164 = 0. What is the remainder when x is divided by 14?
13
Suppose 7 = 3*w - 29. Calculate the remainder when 20 is divided by w.
8
Suppose 5*h = -444 - 711. Let z = -107 - h. Suppose -8*r + z = -4*r. What is the remainder when r is divided by 11?
9
Let p be (-6)/9 - (-16)/(-3). What is the remainder when 12/6 + 24/1 is divided by (-86)/p + 2/(-6)?
12
Let g(m) = m**3 - 10*m**2 + 6*m - 2. Calculate the remainder when g(10) is divided by 21.
16
Suppose 3*c + 5 - 26 = 0. Calculate the remainder when (26/7)/(759/(-77) + 10) is divided by c.
5
Let j(i) = 16*i - 13*i - 8*i. Suppose 3*r + 2*r = 45. What is the remainder when j(-3) is divided by r?
6
Suppose -4*b + 132 = -3*s, -b + s + 39 = 7. What is the remainder when b is divided by 13?
10
Let n = -13 + 7. Suppose -18 = 3*o + 51. Let j = n - o. Calculate the remainder when j is divided by 6.
5
Suppose 2*w + w = 102. Let y(k) = 2*k**2 + 16*k + 12. Calculate the remainder when w is divided by y(-8).
10
Calculate the remainder when 8 is divided by 6/6 - (0 + -1).
0
Let q = -20 + 31. Suppose 4*i - 2*i - 41 = g, -3*i + g = -61. What is the remainder when i is divided by q?
9
Let h be (-1 - 0 - -2) + 2. Suppose 0 = 5*v - 5*d - 125, v = -v - h*d + 35. Calculate the remainder when v is divided by 12.
10
Suppose 2*b = q + 1 - 0, 2*q + b - 23 = 0. Let y be (-4)/(-1)*1/2. Let l = q - y. Calculate the remainder when 13 is divided by l.
6
Let y be (-1632)/(-18) + 1/3. Let q = y + -39. Calculate the remainder when q is divided by 18.
16
Let h = 114 + -45. What is the remainder when h is divided by 8?
5
Suppose 0*n = -2*p + 5*n + 7, 23 = -2*p - 5*n. Calculate the remainder when 14 is divided by (-3 - -10) + 8/p.
4
Let j = 35 - -27. What is the remainder when j is divided by 25?
12
What is the remainder when 897/9 + ((-8)/(-12))/(-1) is divided by 52?
47
Let k(q) = 16*q**2 + 2*q - 2. What is the remainder when k(-2) is divided by 13 + 2 + -3 - -3?
13
Let q = 1 + 3. Calculate the remainder when -2 - (-45)/4 - (-8)/(-32) is divided by q.
1
Let r be (-4)/8 - (-2)/(-4). Let j be -4*r/2*2. What is the remainder when j/2 - (-4 - 4) is divided by 6?
4
Let q be 0/(2 + (-1)/1). Suppose q = -m + 8 + 37. Suppose 0 = 4*g + m - 217. Calculate the remainder when g is divided by 15.
13
Suppose -t + 4 = -1. Suppose 6*r - r - 280 = t*a, -2*r - 5*a + 105 = 0. What is the remainder when r is divided by 14?
13
Suppose 5*u - 3 + 9 = -3*t, -10 = 2*u + 5*t. Let w(q) = -7*q - 7. Let s be w(-4). Suppose u = -i + 10 + s. Calculate the remainder when i is divided by 16.
15
Let t = -3 - -3. Suppose 0 = -2*r, 1 = -s - 3*r - t. Calculate the remainder when 43 is divided by (-4 - s) + (11 - -3).
10
Let t = -305 + 307. What is the remainder when t is divided by 0 - (-2 + 0 + 1)?
0
Let h(w) be the first derivative of w**4/4 + 4*w**3/3 + 5*w + 1. Suppose 0 = -2*f - j - 9 + 2, f - 4*j + 8 = 0. What is the remainder when 8 is divided by h(f)?
3
Let r(d) = 6*d**2 + 13 - d**3 + 0*d**2 - 5. Let p = 24 - 18. Calculate the remainder when r(p) is divided by 5.
3
Let u(s) = -17*s**2 + 1. Let t be u(2). Let o = -24 - t. Calculate the remainder when o is divided by 11.
10
Suppose -5*d + 290 - 60 = 0. What is the remainder when d is divided by 12?
10
Let n = -88 + 143. Calculate the remainder when n is divided by 8.
7
Suppose 0 = u - 4*u. Suppose -2*j + 30 + 14 = u. What is the remainder when j is divided by 8?
6
Let f be (0 + 2)/((-2)/49). Let i = f - -81. Suppose 24 + 23 = 4*a + 3*g, -3*a + g + i = 0. What is the remainder when a is divided by 6?
5
Suppose -3*m - 19 = -2*i - 3*i, 3*m + 9 = 0. Let t(h) = 2*h - 2. What is the remainder when i is divided by t(2)?
0
Suppose -2*y + 106 = 2*f - 0*y, 5*y - 209 = -4*f. What is the remainder when 222 is divided by f?
54
Let f = -19 - -23. Let t = -11 - -26. What is the remainder when t is divided by f?
3
Suppose n - 22 = a, -4*n - 5*a = -4*a - 98. Suppose 2*l + 8 = n. What is the remainder when l is divided by 3?
2
Let q(r) = 5*r - 1. Calculate the remainder when 51 is divided by q(3).
9
Suppose -4*g - 10 = -5*g. Let h(n) = n**2 + n - 4. Calculate the remainder when h(6) is divided by g.
8
Suppose -g - 3*d + 4 + 13 = 0, -54 = -4*g + 2*d. Suppose g = 2*c - 2. What is the remainder when c is divided by 3?
2
Let l(a) = -4*a - 7. Calculate the remainder when l(-5) is divided by 8.
5
Calculate the remainder when 45 is divided by (2/7)/((-7)/(-196)).
5
Let o(v) = 2*v - 15. Suppose -2*s + 5*s - 36 = -5*i, 0 = 3*s - 6. Calculate the remainder when o(12) is divided by i.
3
Suppose 2*j + 26 = 4*j. Let b(g) = g**3 - 12*g**2 - 11*g - 16. What is the remainder when 18 is divided by b(j)?
8
Let v(r) = 3*r - 2. Suppose 2 = -m + 33. Suppose 37 = 4*a + 3*l - 6, -3*a + m = l. What is the remainder when a is divided by v(2)?
2
Suppose -2*w - 28 = -5*o - 5, -4*w = 5*o - 29. Suppose r - 44 = o*r. Let q = -5 - r. Calculate the remainder when q is divided by 2.
0
Let q(f) = f**3 - 3*f**2 + 2*f - 3. Let h be q(3). Suppose h*c = -12, -5*j + 3*c + 40 = -7. What is the remainder when 19 is divided by j?
5
Let d be 14/(-2) + 1 + 0. Suppose -5*i - 95 = -5*b, -3*i - 2 = 10. Calculate the remainder when (-5)/(b/d) - -51 is divided by 14.
11
Let j(n) = n - 4. Let g = -3 - -6. Let f = g - 2. Calculate the remainder when j(6) is divided by f.
0
Let l(g) = 3*g + 4. Let v be l(4). Let i = v + -5. Calculate the remainder when i is divided by 3.
2
Let l = -26 + 44. Let m = 8 - -2. Calculate the remainder when l is divided by m.
8
Let k = 41 - 19. Calculate the remainder when k is divided by (-2)/4*3*-4.
4
Suppose -50 - 30 = -5*u. What is the remainder when 77 is divided by u?
13
Let i = 3 + -12. Let r = -4 - i. What is the remainder when 7 is divided by r?
2
Let v(d) = 2*d + 8. Calculate the remainder when 6 is divided by v(-2).
2
Let t(n) = n**3 + 5*n**2 - 7*n + 7. Let c be t(-6). Let j = 18 - 27. Let o = c + j. What is the remainder when 6 is divided by o?
2
What is the remainder when 18 is divided by -10*(4 + 22/(-5))?
2
Let n(t) = -2*t**3 + t**2 - t - 1. Let x be n(-1). Suppose -x*h = -2 - 4, h = -4*i + 182. Let j =